538 a multiple of 7?
True
Is 12750119 a multiple of 830?
False
Does 39 divide 8439477?
False
Does 1414 divide 5845476?
True
Does 2 divide 33105?
False
Does 13 divide 9709?
False
Does 11 divide 225297?
False
Does 816 divide 15473264?
False
Is 295 a factor of 80240?
True
Is 5785 a multiple of 4?
False
Does 13 divide 923988?
True
Does 8 divide 12045?
False
Is 78640 a multiple of 80?
True
Is 231 a factor of 1269176?
False
Does 8 divide 252883?
False
Does 659 divide 206926?
True
Is 16 a factor of 42160?
True
Is 3 a factor of 1806288?
True
Is 120 a factor of 3767889?
False
Is 515050 a multiple of 3?
False
Is 42 a factor of 82947?
False
Does 12 divide 2916168?
True
Is 46820 a multiple of 20?
True
Is 11385 a multiple of 60?
False
Is 47 a factor of 16236009?
True
Is 1433032 a multiple of 82?
True
Is 39 a factor of 297755?
False
Does 32 divide 86686?
False
Does 260 divide 2022540?
True
Is 38 a factor of 447509?
False
Does 28 divide 778372?
True
Is 12459 a multiple of 3?
True
Is 1555742 even?
True
Is 9045 a multiple of 9?
True
Is 5183 a multiple of 73?
True
Is 539 a factor of 4000997?
True
Is 2823890 a multiple of 1252?
False
Is 5356 a multiple of 4?
True
Is 6231472 a multiple of 31?
False
Is 6 a factor of 165666?
True
Is 51 a factor of 371433?
True
Is 400 a factor of 17100?
False
Is 11597365 a multiple of 16?
False
Is 56 a factor of 72756?
False
Does 43 divide 1100031?
False
Is 12 a factor of 2190216?
True
Is 1007789 a multiple of 189?
False
Is 3185 a factor of 20208825?
True
Does 528 divide 6462600?
False
Is 2430904 a multiple of 56?
True
Is 1448965 a multiple of 120?
False
Does 181 divide 106148?
False
Is 8700189 a multiple of 233?
False
Is 64788 a multiple of 6?
True
Is 72 a factor of 2933049?
False
Is 46 a factor of 159463?
False
Does 50 divide 5575084?
False
Does 19 divide 171609?
False
Is 107049 a multiple of 3?
True
Is 34 a factor of 446250?
True
Is 30688 a multiple of 224?
True
Is 63113 a multiple of 3?
False
Is 8 a factor of 73872?
True
Is 21371490 a multiple of 42?
True
Does 37 divide 21073?
False
Is 55284 a multiple of 6?
True
Is 84 a factor of 231118?
False
Is 44923 a multiple of 47?
False
Is 3355 a multiple of 11?
True
Is 7708 a multiple of 3?
False
Is 41 a factor of 5887755?
False
Is 32 a factor of 129763?
False
Is 24836 a multiple of 44?
False
Is 437994 a multiple of 9?
True
Is 66 a factor of 1392270?
True
Is 11 a factor of 463104?
False
Is 3800342 a multiple of 91?
True
Is 204273 a multiple of 116?
False
Does 23 divide 184690?
True
Is 46 a factor of 148239?
False
Does 50 divide 3555?
False
Is 83319 a multiple of 328?
False
Is 391422 a multiple of 534?
True
Is 1534 a factor of 17658905?
False
Does 5 divide 455815?
True
Does 93 divide 331479?
False
Does 45 divide 137295?
True
Is 30 a factor of 16927410?
True
Is 2542 a multiple of 88?
False
Is 52551 a multiple of 9?
True
Does 314 divide 3713050?
True
Is 25 a factor of 8846450?
True
Is 12 a factor of 633691?
False
Is 105 a factor of 193935?
True
Is 135 a factor of 943785?
True
Is 1920839 a multiple of 117?
False
Is 4336 a multiple of 15?
False
Does 6 divide 108244?
False
Is 545 a factor of 85026?
False
Is 23 a factor of 729336?
False
Is 121896 a multiple of 40?
False
Does 425 divide 195213?
False
Is 190748 a multiple of 43?
True
Is 24717 a multiple of 3?
True
Does 6 divide 14335414?
False
Is 61 a factor of 381955?
False
Is 7477335 a multiple of 45?
True
Is 44802 a multiple of 262?
True
Does 7 divide 2212?
True
Does 23 divide 17181?
True
Is 9 a factor of 793044?
True
Is 881280 a multiple of 384?
True
Is 9668 a multiple of 81?
False
Is 1050461 a multiple of 48?
False
Does 236 divide 2840260?
True
Does 61 divide 238246?
False
Is 16590 a multiple of 15?
True
Does 88 divide 3383600?
True
Does 244 divide 1257332?
True
Is 44183 a multiple of 12?
False
Is 42 a factor of 19190?
False
Does 146 divide 129000?
False
Is 146525 a multiple of 376?
False
Is 81 a factor of 57105?
True
Is 223 a factor of 584483?
True
Is 27 a factor of 3665031?
False
Does 16 divide 911760?
True
Does 30 divide 57420?
True
Does 62 divide 3166844?
False
Does 31 divide 840782?
True
Is 339 a factor of 1258656?
False
Does 5 divide 3696749?
False
Is 284796 a multiple of 12?
True
Is 27 a factor of 2370060?
True
Does 20 divide 24874977?
False
Is 11972843 a multiple of 9?
False
Is 23758770 a multiple of 15?
True
Is 6476106 a multiple of 609?
True
Is 134198 a multiple of 287?
False
Is 13337 a multiple of 79?
False
Is 34086 a multiple of 114?
True
Is 61 a factor of 1952488?
True
Is 61 a factor of 294020?
True
Is 217 a factor of 1366666?
True
Is 254182 a multiple of 212?
False
Is 489 a factor of 1506120?
True
Does 24 divide 424968?
True
Is 16 a factor of 320189?
False
Does 3 divide 2055?
True
Is 112 a factor of 319764?
False
Is 131 a factor of 139047?
False
Is 23418344 a multiple of 24?
False
Is 4 a factor of 3431?
False
Does 10 divide 11288120?
True
Is 1687489 a multiple of 740?
False
Is 6238386 a multiple of 147?
True
Is 3 a factor of 797042?
False
Does 35 divide 841418?
False
Does 25 divide 162313?
False
Is 476571 a multiple of 173?
False
Is 52 a factor of 1030473?
False
Is 11507194 a multiple of 12?
False
Is 53003 a multiple of 214?
False
Is 200482 a multiple of 27?
False
Is 2544242 a multiple of 1167?
False
Is 50 a factor of 23130893?
False
Is 2536454 a multiple of 315?
False
Is 1050113 a multiple of 205?
False
Is 18 a factor of 1381050?
True
Is 988 a factor of 2206204?
True
Is 11 a factor of 1161776?
True
Is 312092 a multiple of 22?
True
Is 4070860 a multiple of 34?
False
Does 47 divide 2568486?
False
Is 949429 a multiple of 129?
False
Does 26 divide 2960594?
True
Is 5247036 a multiple of 46?
True
Is 464144 a multiple of 14?
False
Is 13 a factor of 34272823?
True
Is 7620959 a multiple of 5?
False
Is 74 a factor of 155643?
False
Is 823 a factor of 17654996?
True
Is 4071392 a multiple of 13?
True
Is 57 a factor of 103968?
True
Is 27 a factor of 14748722?
False
Does 23 divide 381524?
True
Is 1867584 a multiple of 822?
True
Does 302 divide 208621?
False
Does 54 divide 334899?
False
Is 351225 a multiple of 42?
False
Does 457 divide 40216?
True
Is 223 a factor of 138483?
True
Does 124 divide 72994?
False
Is 1263467 a multiple of 53?
True
Does 469 divide 1666909?
False
Is 201 a factor of 1408116?
False
Does 9 divide 2209893?
False
Is 51802 a multiple of 62?
False
Is 75 a factor of 83325?
True
Is 180 a factor of 9836412?
False
Is 2965830 a multiple of 1461?
True
Does 13 divide 1163175?
True
Does 26 divide 829637?
False
Is 149 a factor of 613618?
False
Is 1215027 a multiple of 461?
False
Is 81 a factor of 21214?
False
Is 497 a factor of 10540?
False
Does 66 divide 21490722?
True
Does 40 divide 1242720?
True
Is 299 a factor of 1781066?
False
Is 9 a factor of 83385?
True
Does 61 divide 10665118?
True
Does 39 divide 239820?
False
Does 38 divide 8048058?
True
Is 45 a factor of 341148?
False
Does 4 divide 374365?
False
Does 298 divide 7847611?
False
Is 1754821 a multiple of 361?
True
Does 21 divide 280690?
False
Does 14 divide 16856?
True
Is 30 a factor of 201545?
False
Is 913519 a multiple of 149?
True
Is 325119 a multiple of 101?
True
Is 376 a factor of 18198776?
True
Is 44 a factor of 2053172?
True
Is 7547126 a multiple of 514?
False
Does 57 divide 556605?
True
Does 71 divide 74550?
True
Is 97 a factor of 18527?
True
Is 100475 a multiple of 34?
False
Is 383578 a multiple of 65?
False
Is 24 a factor of 1226184?
True
Is 144 a factor of 281341?
False
Does 34 divide 16346410?
False
Is 401261 a multiple of 7?
True
Does 4 divide 1445514?
False
Is 49 a factor of 28146553?
False
Is 79 a factor of 168586?
True
Is 280 a factor of 600102?
False
Is 11495 a multiple of 2?
False
Is 14328 a multiple of 49?
False
Is 210 a factor of 131662?
False
Does 143 divide 2076217?
True
Is 1972379 a multiple of 20?
False
Is 241889 a multiple of 631?
False
Is 29 a factor of 17081?
True
Is 42 a factor of 9434376?
True
Is 417332 a multiple of 15?
False
Is 4005650 a multiple of 11?
True
Does 76 divide 58824?
True
Is 33 a factor of 98096?
False
Is 9120 a multiple of 4?
True
Does 502 divide 839329?
False
Is 84 a factor of 67283?
False
Does 29 divide 67788?
False
Does 36 divide 31788?
True
Is 151 a factor of 438353?
True
Is 492128 a multiple of 416?
True
Is 3 a factor of 18